 -9*f**3 + 18*f**2 + 24*f + 101. What is the thousands digit of i(-8)?
5
Suppose 4*d + 28 = -3*i + 11, d - 2*i - 4 = 0. What is the units digit of (-1425)/d - 14/(252/27)?
1
Let r(h) = h + 85. Suppose 13*w + 380 - 68 = 0. What is the tens digit of r(w)?
6
Suppose -273*y - 1223487 = -340*y. What is the units digit of y?
1
Suppose 4*z + 2*o - 71345 - 11461 = 0, -103511 = -5*z + o. What is the thousands digit of z?
0
Let w(l) = -2*l**2 + l + 6. Suppose -6 = -k - 3. Let s be w(k). Let v(j) = -8*j + 19. What is the units digit of v(s)?
1
Suppose -6*p + 5*s = -p - 24160, 4*p + 2*s = 19358. Suppose 9*r = -877 + p. What is the units digit of r?
0
Let n = 24526 - 10961. What is the tens digit of n?
6
Let k = -215 - 671. Let j = 35 - k. What is the units digit of j?
1
Suppose 5*i + 2690 - 110852 = 27278. What is the units digit of i?
8
Suppose 2*u - 5*p - 28481 = 0, p + 46121 = 4*u - 10814. What is the units digit of u?
3
Suppose -14*n - 8835 = 17*n. Let l = n + 448. What is the hundreds digit of l?
1
Suppose 5*i + 0 = -4*o - 245, 3*o + 3*i = -183. Let p be ((-10)/(-6))/(5/o). Let y = 81 - p. What is the tens digit of y?
0
Let d(z) = -55*z - 56. Let j be 10*(12/10)/(6/(-4)). What is the units digit of d(j)?
4
Suppose 48 = 19*u - 15*u - 2*n, -61 = -5*u + 2*n. Let c = 47 - -5. Let j = u + c. What is the units digit of j?
5
Suppose 0 - 28 = -14*a. What is the tens digit of 3000/5 + -1 + 2 + a?
0
Suppose -26*k + 23*k - 2*d = -2340, 3*k - 2334 = -4*d. What is the hundreds digit of k?
7
Let b(f) = f**2 + 22*f + 97. Let y = -111 - -77. What is the tens digit of b(y)?
0
What is the hundreds digit of (15/85 - 660/850)/((-2)/207780)?
3
Suppose 5*l - 102478 = 12512. What is the thousands digit of l?
2
What is the thousands digit of 411*(-4 + 342/27)?
3
Suppose 0 = -l - 3*h + 17, 2*l - 3*h - 70 + 18 = 0. Suppose -34*b + 9207 = -l*b. What is the hundreds digit of b?
8
Let j(l) = 8*l**2 + 2*l + 1346. What is the tens digit of j(98)?
7
Let h(c) = -c**3 + 12*c**2 - 5*c + 36. Suppose 6*z = 29*z - 184. What is the units digit of h(z)?
2
Suppose 70 = 16*t + 230. What is the hundreds digit of -1509*t/(-12)*(-16)/40?
5
Let v be (2 - (-3)/3)*24576/72. Let d = 1714 - v. What is the tens digit of d?
9
What is the tens digit of ((-2064)/(-32))/(45/55140)?
3
Let b(y) = -2369*y - 1069. What is the hundreds digit of b(-12)?
3
Let r = 51 - 43. Let q be 1*((-14)/(-63) + (-86)/(-18)). Suppose r*l - q*l = 417. What is the tens digit of l?
3
Let h be (-12)/30 + (57/5 - -1). What is the units digit of ((-680)/(-6))/(-2 + 28/h)?
0
Suppose 172*y - 22010 = 167*y - 2*f, 0 = -3*f - 15. What is the units digit of y?
4
Let q(k) = -24 + 3 - 35 + 30*k. What is the units digit of q(14)?
4
Suppose 14948 = 5*j + 4*d - 6*d, -3*d + 8994 = 3*j. What is the tens digit of j?
9
Suppose 2*j = 5*f + 26741, 5*f + 65672 = 5*j - 1203. What is the thousands digit of j?
3
Suppose 3*m = -2*b + 2, 0 = 2*m - b - 2*b - 23. Suppose 4*x = 2*x + n + 537, 0 = x - m*n - 286. What is the hundreds digit of x?
2
Suppose 5*r + 6 + 4 = 0. Let w(s) = 274*s**3 - s**2 + s + 2. Let l be w(r). What is the tens digit of (2/4)/((-18)/l)?
6
Suppose 23827 = q - 261*r + 260*r, 5*q + r = 119147. What is the hundreds digit of q?
8
Suppose -420 - 384 = -3*p. Let q be (5 - 7) + 0 + -121*1. Let r = q + p. What is the units digit of r?
5
Let r = 46936 - -23714. What is the hundreds digit of r?
6
Let c(i) = -i**2 + 11*i - 27. Let h be c(8). What is the tens digit of h/(21/(-2)) - 425517/(-609)?
9
Let b(v) = 6*v + 82. Let y be b(-13). Suppose y*z - 1373 = -3*k - 0*k, -3*k = z - 350. What is the hundreds digit of z?
3
What is the thousands digit of 68/(238/(-14)) + 5755?
5
Suppose -2*c + 11 = 2*f - 87, -2*c + 143 = 3*f. Let s be 22/(-1155)*-15 - (-40)/7. What is the tens digit of (-4)/s*f/(-1)?
3
Let w(u) = 2*u**3 - u**2 + 4*u - 4. Let a be w(1). Suppose 0 = l - 3*s + 1 - 0, -3 = 3*l - 4*s. What is the units digit of a - l - 452/(-4)?
5
Suppose 36*n + 33*n - 1195128 = -372579. What is the thousands digit of n?
1
Let x be 2/(-4) + 9/6. Let v be -879*2/(-3)*x. Let d = v - 342. What is the hundreds digit of d?
2
Let g be (34 - 31) + -2*(0 - 1). Suppose g*i - 1350 = -10*i. What is the units digit of i?
0
Let f = 7323 + -380. What is the tens digit of f?
4
Let b(p) = 10*p**2 - 18*p + 1778. What is the ten thousands digit of b(35)?
1
Let h(d) = -7*d**3 - 3*d**2 - 3*d - 25. What is the tens digit of h(-11)?
6
Let f be 1 + 4 + (-16)/4 + 7. Suppose -2841 = -f*u + 3463. What is the tens digit of u?
8
Let r(t) be the first derivative of -12*t**2 + 184*t - 73. What is the hundreds digit of r(-10)?
4
Suppose -u + l = -56115, u - 5*l - 1985 = 54146. What is the ten thousands digit of u?
5
Let u = -2426 + 63739. What is the hundreds digit of u?
3
Let r = 56 - 22. Let i = r - 29. Suppose -i*s + 92 = 4*k - 157, 0 = -2*k + 4*s + 118. What is the units digit of k?
1
Let h be (-84)/(-18)*75*1. Suppose 4*x - o + 820 = 9*x, -2*x + 4*o = -h. What is the hundreds digit of x?
1
Let o = -13011 + 29716. What is the tens digit of o?
0
Let m = 34439 + -28663. What is the thousands digit of m?
5
Suppose 0 = 3*b + 144 - 207. Suppose 0 = -26*z + b*z + i + 105, 0 = -5*i. What is the tens digit of z?
2
Let k(f) = 21*f**2 + 72*f - 3108. What is the ten thousands digit of k(33)?
2
Let u(a) = -24*a**3 - 4*a**2 - 18*a + 26. What is the ten thousands digit of u(-9)?
1
Let c be 3/(6/4) + 1. Suppose -1787 = -5*q - 4*o + 1008, -c*q + 4*o + 1677 = 0. What is the units digit of q?
9
Suppose c = 5*p + 54, 3*c + p - 172 = 6*p. Suppose 6*q - 19 = c. Let g(t) = t**2 - 12*t + 6. What is the tens digit of g(q)?
1
Suppose -219*w = -1643073 - 1977001 - 793214. What is the ten thousands digit of w?
2
Suppose 2*t = -15*t + 51. Let u(b) = b**2 + 7*b + 12. Let y(h) = -h**2 - 8*h - 13. Let g(n) = 6*u(n) + 5*y(n). What is the tens digit of g(t)?
2
Let d(l) = -l**3 + 8*l**2 + 11*l + 10. Let p be d(9). Suppose 4*y = 5*n - p, y = -2*n - 0*n + 6. Suppose x + 228 = n*x. What is the tens digit of x?
7
Let l(b) = -14*b**3 + 92*b**2 - 67*b + 174. Let a(d) = 5*d**3 - 31*d**2 + 22*d - 58. Let g(z) = 11*a(z) + 4*l(z). What is the tens digit of g(26)?
5
Suppose 8*y = 6*y + 8. Suppose 1442 = 3*o + y*n, -5*n - 1998 = -3*o - 520. What is the hundreds digit of o?
4
Let w(h) = 5*h + 19. Let c be w(-6). Let i(q) = -q**2 - 11*q + 1. Let s be i(c). Let m(r) = 109*r**3 + 3*r**2 - r. What is the tens digit of m(s)?
1
Let q = -204 + 218. What is the hundreds digit of (-178 - -225)/((-12)/q + 1)?
3
Let z be (-14)/(-4) - 9/(-18). Let y = 94 - 70. Suppose z*g - 6*g = -y. What is the units digit of g?
2
Suppose 3*w + w = w. Suppose -10*i - 3*i + 897 = w. Let m = 146 - i. What is the units digit of m?
7
Let x = -302 - -313. Suppose x*i = i + 480. What is the tens digit of i?
4
Suppose 0 = -5*j - 4*d - 86770 + 220934, -53626 = -2*j + 5*d. What is the ten thousands digit of j?
2
Let w be (-228)/(-12) + -12 - (-1 + 16). Suppose q + 12 = 5*q, 52 = -5*s + 4*q. What is the units digit of s/(-27)*87 - w/36?
6
Let g be (-6)/14 + 75006/(-63) - 1. What is the tens digit of g*-1*(3 - 2)?
9
Let n(r) = 292*r**2 + 92*r - 601. What is the hundreds digit of n(7)?
3
Let f(q) = 3*q**2 + 24*q - 17. Let p be ((-6)/(-1))/(-1*8/20). What is the hundreds digit of f(p)?
2
Let w(f) = -13347*f**3 + 24*f**2 + 2*f + 1. What is the ten thousands digit of w(-1)?
1
Let n(u) = 7147*u - 4308. What is the ten thousands digit of n(4)?
2
Let a be (13944/(-70))/(9/(-60)). Let f = a + -927. What is the units digit of f?
1
Suppose 3*o = -4*g + 4303, -1413 = -o - 10*g + 14*g. Suppose -o = -5*w + 1361. What is the units digit of w?
8
Suppose 4*s - 36226 - 14095 = 3*u, -2*s + 25150 = 2*u. What is the units digit of s?
8
Let k(x) = -225*x + 15. Let y be k(-9). Suppose 11*f - y = f. What is the hundreds digit of f?
2
Let n(w) = -w**3 - 23*w**2 + 31*w + 18. Suppose 4*u + c = -104, -4*c + 59 = -6*u + 3*u. What is the tens digit of n(u)?
9
Let q(f) = f**3 - 11*f**2 + 11*f + 8. Let m = -1 - -5. Suppose -p = c - 10, -m*p + 3*c = -38 - 2. What is the units digit of q(p)?
8
Let a be 2/9 + (-1200)/(-675). Suppose -3*g = m - 263, 0 = a*m - 3*m - 4*g + 260. What is the units digit of m?
2
Let p(n) = 190*n - 6. Let z be p(1). Suppose 0 = -20*h + 8*h + 1104. Suppose r - 3*u + 0